d by 187?
157
Calculate the remainder when 89 is divided by 46.
43
Calculate the remainder when 1382 is divided by 3.
2
Calculate the remainder when 270 is divided by 34.
32
What is the remainder when 1248 is divided by 70?
58
What is the remainder when 994 is divided by 12?
10
What is the remainder when 87 is divided by 23?
18
What is the remainder when 266 is divided by 67?
65
What is the remainder when 10353 is divided by 109?
107
Calculate the remainder when 14054 is divided by 99.
95
What is the remainder when 972 is divided by 15?
12
What is the remainder when 187 is divided by 153?
34
What is the remainder when 1428 is divided by 13?
11
What is the remainder when 1692 is divided by 6?
0
Calculate the remainder when 4277 is divided by 40.
37
Calculate the remainder when 206 is divided by 30.
26
Calculate the remainder when 39 is divided by 11.
6
What is the remainder when 708 is divided by 56?
36
Calculate the remainder when 82 is divided by 44.
38
What is the remainder when 8981 is divided by 55?
16
Calculate the remainder when 249 is divided by 27.
6
Calculate the remainder when 213 is divided by 117.
96
What is the remainder when 593 is divided by 25?
18
Calculate the remainder when 405 is divided by 17.
14
Calculate the remainder when 942 is divided by 63.
60
Calculate the remainder when 1180 is divided by 73.
12
What is the remainder when 607 is divided by 88?
79
What is the remainder when 1385 is divided by 99?
98
What is the remainder when 1063 is divided by 350?
13
What is the remainder when 1286 is divided by 307?
58
What is the remainder when 198 is divided by 73?
52
What is the remainder when 1794 is divided by 592?
18
Calculate the remainder when 599 is divided by 286.
27
What is the remainder when 2238 is divided by 80?
78
What is the remainder when 148 is divided by 27?
13
What is the remainder when 75 is divided by 24?
3
What is the remainder when 81 is divided by 29?
23
What is the remainder when 125 is divided by 115?
10
What is the remainder when 1899 is divided by 136?
131
Calculate the remainder when 1471 is divided by 134.
131
What is the remainder when 1398 is divided by 70?
68
What is the remainder when 546 is divided by 45?
6
Calculate the remainder when 41 is divided by 21.
20
Calculate the remainder when 138 is divided by 6.
0
What is the remainder when 397 is divided by 66?
1
Calculate the remainder when 581 is divided by 167.
80
Calculate the remainder when 201 is divided by 13.
6
Calculate the remainder when 381 is divided by 24.
21
Calculate the remainder when 2554 is divided by 32.
26
What is the remainder when 4049 is divided by 9?
8
What is the remainder when 1894 is divided by 19?
13
What is the remainder when 630 is divided by 55?
25
Calculate the remainder when 11902 is divided by 128.
126
What is the remainder when 417 is divided by 106?
99
What is the remainder when 1186 is divided by 57?
46
Calculate the remainder when 2436 is divided by 406.
0
Calculate the remainder when 1298 is divided by 117.
11
What is the remainder when 542 is divided by 69?
59
Calculate the remainder when 117 is divided by 10.
7
Calculate the remainder when 3741 is divided by 1247.
0
What is the remainder when 236 is divided by 81?
74
What is the remainder when 99 is divided by 21?
15
Calculate the remainder when 1093 is divided by 87.
49
What is the remainder when 368 is divided by 229?
139
Calculate the remainder when 7941 is divided by 53.
44
Calculate the remainder when 340 is divided by 9.
7
Calculate the remainder when 2411 is divided by 101.
88
Calculate the remainder when 414 is divided by 31.
11
Calculate the remainder when 6900 is divided by 59.
56
What is the remainder when 58 is divided by 17?
7
What is the remainder when 458 is divided by 17?
16
Calculate the remainder when 947 is divided by 235.
7
Calculate the remainder when 116 is divided by 38.
2
What is the remainder when 14785 is divided by 3695?
5
Calculate the remainder when 306 is divided by 121.
64
What is the remainder when 1031 is divided by 115?
111
Calculate the remainder when 57 is divided by 3.
0
What is the remainder when 81 is divided by 2?
1
Calculate the remainder when 587 is divided by 115.
12
What is the remainder when 3822 is divided by 3?
0
Calculate the remainder when 627 is divided by 131.
103
What is the remainder when 335 is divided by 6?
5
Calculate the remainder when 778 is divided by 40.
18
What is the remainder when 180 is divided by 64?
52
Calculate the remainder when 17589 is divided by 49.
47
Calculate the remainder when 2255 is divided by 381.
350
What is the remainder when 352 is divided by 203?
149
Calculate the remainder when 259 is divided by 129.
1
What is the remainder when 406 is divided by 56?
14
Calculate the remainder when 1714 is divided by 47.
22
Calculate the remainder when 31 is divided by 8.
7
What is the remainder when 5169 is divided by 11?
10
What is the remainder when 50 is divided by 31?
19
What is the remainder when 150 is divided by 28?
10
What is the remainder when 99 is divided by 19?
4
What is the remainder when 690 is divided by 77?
74
What is the remainder when 771 is divided by 39?
30
What is the remainder when 221 is divided by 45?
41
Calculate the remainder when 139 is divided by 49.
41
What is the remainder when 1241 is divided by 18?
17
What is the remainder when 583 is divided by 82?
9
Calculate the remainder when 1523 is divided by 80.
3
Calculate the remainder when 41 is divided by 21.
20
Calculate the remainder when 52 is divided by 41.
11
Calculate the remainder when 70 is divided by 18.
16
Calculate the remainder when 1040 is divided by 345.
5
What is the remainder when 171 is divided by 157?
14
What is the remainder when 89 is divided by 3?
2
Calculate the remainder when 7613 is divided by 34.
31
What is the remainder when 7358 is divided by 409?
405
Calculate the remainder when 521 is divided by 87.
86
Calculate the remainder when 1191 is divided by 149.
148
Calculate the remainder when 82 is divided by 45.
37
What is the remainder when 4750 is divided by 29?
23
What is the remainder when 828 is divided by 15?
3
Calculate the remainder when 1248 is divided by 1190.
58
What is the remainder when 509 is divided by 89?
64
What is the remainder when 62 is divided by 18?
8
What is the remainder when 352 is divided by 119?
114
What is the remainder when 261 is divided by 70?
51
Calculate the remainder when 143 is divided by 56.
31
What is the remainder when 2828 is divided by 564?
8
What is the remainder when 44 is divided by 14?
2
Calculate the remainder when 510 is divided by 19.
16
Calculate the remainder when 63 is divided by 49.
14
Calculate the remainder when 10843 is divided by 30.
13
Calculate the remainder when 297 is divided by 43.
39
Calculate the remainder when 137 is divided by 48.
41
What is the remainder when 295 is divided by 19?
10
What is the remainder when 1113 is divided by 70?
63
Calculate the remainder when 175 is divided by 45.
40
What is the remainder when 6612 is divided by 27?
24
What is the remainder when 10 is divided by 10?
0
What is the remainder when 302 is divided by 195?
107
What is the remainder when 40 is divided by 9?
4
What is the remainder when 9 is divided by 2?
1
Calculate the remainder when 529 is divided by 166.
31
What is the remainder when 122 is divided by 52?
18
What is the remainder when 570 is divided by 561?
9
What is the remainder when 400 is divided by 37?
30
Calculate the remainder when 3544 is divided by 1179.
7
What is the remainder when 429 is divided by 36?
33
What is the remainder when 4 is divided by 1?
0
What is the remainder when 439 is divided by 55?
54
What is the remainder when 737 is divided by 108?
89
Calculate the remainder when 431 is divided by 54.
53
Calculate the remainder when 254 is divided by 32.
30
Calculate the remainder when 4365 is divided by 74.
73
Calculate the remainder when 7006 is divided by 143.
142
What is the remainder when 95 is divided by 50?
45
Calculate the remainder when 4485 is divided by 68.
65
What is the remainder when 201 is divided by 8?
1
Calculate the remainder when 272 is divided by 106.
60
Calculate the remainder when 245 is divided by 51.
41
What is the remainder when 9153 is divided by 84?